2 + -68 + -18?
3
Calculate (-15 - (-4 - (31 - 13))) + -13.
-6
What is (0 + 4 - -2) + (2 - 1)?
7
16 + -5 + -43 + 40
8
2 + -15 + (15 - -6) - 13
-5
What is the value of -5 + (8 + 9 - 14)?
-2
Calculate 10 + (-10 - -1) + 5.
6
6 + (-8 - 2) + -5 - -17
8
What is the value of 0 - (-21 + 17 - -27)?
-23
What is 5 - -1 - ((-7 - -4) + 2)?
7
What is -7 + (-2 - -9) + -18 + 4 + 2?
-12
-121 - -131 - (19 - 0) - -31
22
What is the value of 13 + -40 - ((-1 + 2 - 3) + -3)?
-22
What is the value of (-19 - ((-23 - -17) + -3)) + (-5 - 0)?
-15
Evaluate -9 + 27 + 2 + (2 - 11).
11
Calculate 13 - 5 - 22 - 1.
-15
Evaluate 21 + (-3 - -1) + -1295 + 1267.
-9
7 - (-1 + (-1 + 6 - (36 + -32)))
7
Evaluate 0 - (0 + (0 - 0) + -31).
31
Calculate (22 - 1) + 779 + -823.
-23
Evaluate 5 - 21 - (2 - 14).
-4
What is the value of (-10 - -9) + 4 + -2 + -4?
-3
What is (48 - 45 - (-1 - 5)) + -26?
-17
What is the value of 1 - (-5 + 34 + 11 + -4)?
-35
-9 - (5 + 0 + -1 - (6 - -2))
-5
Calculate -10 - (-5 + 7) - -5 - -36.
29
Evaluate 8 - 2 - (3 + 1 + 6 + -12).
8
What is (-18 - (4 + -27)) + 0 + 5?
10
Calculate -16 + -14 + 28 - -23.
21
Calculate -16 + (11 - ((-14 - -13) + -8)).
4
What is the value of 15 + -7 + -9 + 9?
8
What is the value of (-33 + 41 - -14) + 9 + -1?
30
Evaluate 7 + -14 + 8 + -2 + -2.
-3
What is 9 + 4 + -3 + (-22 - -19)?
7
Evaluate 1 + 38 + -13 + (-3 - (-1 + -2)).
26
What is (-22 - -20) + (52 - 44)?
6
What is 51 + (-69 - -36) + 16?
34
Calculate -25 - -30 - (-3 + -3 - (3 + 9)).
23
-10 - (4 + -16) - (-11 - (-2 - 5))
6
Evaluate -16 + 15 + -6 + -1.
-8
Calculate -1 - 4 - (-28 + (-1 - (10 - 6))).
28
What is the value of -21 + 22 + (-1 - -1) + -3 - 6?
-8
What is the value of (-43 + 20 - 7) + 48?
18
1 + -2 + (1 - (2 - -1 - 1))
-2
Evaluate -1 - 2 - (-5 + 2 + 14 + -16).
2
Calculate (-1 - 5 - (-40 + 20)) + -42.
-28
Evaluate 15 + -42 - (-18 + 4).
-13
What is -21 - -12 - (-4 + -2) - -3?
0
-21 - (10 - 6 - 9)
-16
Calculate 2 + (25 - (2 + 2)) - (-320 + 322).
21
What is the value of (-246 - -296) + (3 - 38)?
15
6 + 8 + -12 + 3
5
What is the value of 0 - (8 - (36 + -20))?
8
Evaluate -6 + (-3 - -17) + (2 - 9).
1
Calculate (-20 + 55 - 42) + 15 + 1 + -1.
8
What is 25 + (-16 - (8 + -6))?
7
Evaluate 5 + -3 + (9 - -22) - 9.
24
Calculate 4 + 26 + -36 - (16 + 0).
-22
What is 12 + 20 + (1 - 16)?
17
What is 129 + -131 - (3 + -29 - -6)?
18
Evaluate 35 + -42 - (-2 - (25 + -6 + 4)).
18
What is the value of -18 + -14 + 34 + (-1 - 4)?
-3
(1 - 8) + 14 + -6 + (-5 - -2)
-2
What is the value of (1576 - 1575) + 1 + 8 + (0 - -1)?
11
What is 2 - (-13 + 10 + 0) - (-2 - -3)?
4
-1 - -7 - (10 - (-3 + 6 + -2))
-3
2 - 3 - (-13 - (1 - (-13 - -25)))
1
Evaluate 0 + 6 - ((11 - 10 - 2) + -9).
16
Evaluate 15 + -10 - (3 - -4) - (-21 + 2).
17
Evaluate 2 + -8 + 4 + -1.
-3
Calculate -7 + -3 + (24 - 10).
4
Calculate 47 + -24 + -14 + (16 - (1 + -1)).
25
(19 - (27 + -7)) + (-1 - -19)
17
Evaluate (-490 - -484) + (-2 - (-14 + -1 + 2)).
5
What is the value of (1 - ((6 - 6) + 6)) + -7 + 1?
-11
What is the value of -30 + 32 + -2 + 0 + 4 + -8?
-4
What is -6 - -2 - -16 - (-153 + 153)?
12
What is -9 - (7 - 33 - -21)?
-4
What is -1 + (-1 - 8 - 2) - (17 + -14)?
-15
Evaluate -3 + (2 - (3 - -8)) + 5.
-7
What is (29 - 27) + -7 + 11?
6
316 + -311 + (16 - -1)
22
What is the value of 30 + 40 + -23 + -53?
-6
-6 + (-10 - (-1 + 5))
-20
Evaluate 3 - -15 - (-36 - -49).
5
What is the value of 63 + -53 + (-1 - -1) + -7?
3
Calculate -10 + 4 + -1 + -11 + 19 - -14.
15
What is 9 + -4 + (-2 - 3 - 6)?
-6
-6 - (-7 + (-22 - -11))
12
(-4 - -7 - -20) + (-65 - -60)
18
What is 29 + -5 - 4 - (1 - 23 - -14)?
28
Calculate -3 - ((-15 + 5 - -1) + 17 - -2).
-13
Calculate -23 + (6 - 2 - (-56 + 52)).
-15
Evaluate 11 - (-2 + (-21 - -18)).
16
What is (7 - ((2 - 1) + 15)) + -4?
-13
What is -8 + -2 - (-20 + 7 - -21)?
-18
What is 2 + 4 + 18 + -8?
16
51 + -12 - 1 - 5
33
What is the value of (10 - -9 - 23) + -13?
-17
What is the value of 16 + (0 - (7 - 7))?
16
Evaluate 2 - 31 - (-505 + 490).
-14
(48 - 3) + (424 - 459)
10
Calculate -4 - (-2 - -1 - -2) - (2 + -1).
-6
Evaluate (25 + 8 - -42) + -42.
33
Evaluate -8 - ((-8 - 0 - -9) + 5).
-14
Calculate (11 + 0 - (-202 - -241)) + -6.
-34
-131 + 131 - ((6 - 0) + 2)
-8
Calculate (-60 - -40) + (-7 - -9 - 0).
-18
Evaluate -20 - (12 + -12 + 14 + -4).
-30
What is -8 + 8 + 6 + -7 + 1 - -4?
4
Calculate 0 + 32 + 4 + 6 + (-30 - -13).
25
What is (-3 - -6) + 46 + -61 - -7?
-5
Calculate -14 + (11 - 2) + 16.
11
Calculate -3 + -1 - (4 + -13 + 2).
3
(-14 + 16 - -2) + -10 + 22
16
Calculate -282 + 257 - (-10 - 3).
-12
Calculate 20 - 3 - (11 - 5).
11
Evaluate (-26 + (4 - -3) - -5) + -20.
-34
What is the value of 8 + (9 - 15) - 7?
-5
Evaluate 194 + -160 - (2 - 2 - -10).
24
Calculate (-4 + -1 - 1) + (-4 + 7 - 1).
-4
What is the value of 7 - (8 + -26 - -39)?
-14
Evaluate (-8 - ((-32 - -30) + -5 + 1)) + 8.
6
Calculate -4 + (-12 - -11) + 6 - 10.
-9
-53 + (-25 + 19 - -38)
-21
Calculate (6 + -14 - -16) + -29 - (-1 - -6).
-26
What is the value of -11 + -6 + 12 + -3?
-8
What is the value of -12 - (15 - (35 + -19))?
-11
What is the value of -526 + 519 + (-1 - 1) + -3?
-12
Calculate (-1 + 9 - (25 - -14 - 3)) + 5.
-23
What is the value of (4 - (-2 + 4 + -9)) + -5 + 3?
9
What is the value of -10 + 0 + 1 + 6 + 19?
16
What is (-2 - 11) + (4 + 4 - 11) + 8?
-8
Evaluate 5 + (-9 - 3) + -1 + 16.
8
Evaluate -6 + (-13 - (-31 - -6)).
6
What is the value of -1 + (-12 - -7 - 2 - 7 - -7)?
-8
What is the value of (-104 - -89) + 0 + 11?
-4
What is the value of -34 - -24 - (2 - 0 - 8)?
-4
-17 - (0 + -11 + 0 + 7)
-13
What is 2 - ((9 - 2) + -7 - -8)?
-6
What is -4 + 4 + 1 - -1 - 0?
2
What is the value of 16 - ((-17 - -25) + 13)?
-5
Evaluate -1 + (3 - (-4 + -9)).
15
What is the value of -5 + 28 + -28 + 15?
10
What is (-2 - (-5 + 1)) + (27 - (-51 - -55))?
25
Evaluate 9 - (-27 - (-16 + (10 - (-5 + 3)))).
32
-24 + (-24 - -48) + -17
-17
Evaluate 7 - ((8 - 4) + -5).
8
Calculate 6 + -5 + 5 + -13 + (8 - 4).
-3
What is the value of (-25 - (22 - 14)) + (6 - (4 - 4))?
-27
What is 3 + (-12 + 1 - ((-11 - -20) + -12))?
-5
What is the value of 3 + 8 - (22 - 23)?
12
What is -20 + (195 - 201 - (0 + -5))?
-21
Calculate 13 + (11 - 1) + -24.
-1
0 + 20 - (25 - 22 - 9 - -11)
15
Evaluate (-2 - (9 + -1)) + 487 + -476.
1
(-3 - ((5 - 21) + 3)) + (-63 - -25)
-28
Evaluate -29 - -30 - (29 + -19 + (-1 - 2)).
-6
-21 - -9 - (11 - 25)
2
Evaluate (-9 - 4) + 5 + (-2 - -32 - 3).
19
(-2 - (22 - 29)) + (1 - 1) + -14
-9
(-9 - -1) + -11 + 1
-18
What is the value of 12 - ((-2 - 7) + (3 - 7))?
25
49 - (-8 - -28) - 22
7
What is -1 + 24 - (-18 - -31)?
10
0 + 5 - (22 + -26)
9
What is 18 - (2 - 8 - (-74 - -68)) - 0?
18
Calculate -2 + 3 + 6 + 4.
11
What is 6 + 10 + 6 + -4 + 1?
19
What is the value of -3 - (-4 + 5) - (11 - (-10 - -12))?
-13
What is 7 + -2 - (9 - (-1 + 2)) - 25?
-28
Evaluate 3 - (-13 - -6 - (-1 - (-2 - 0))).
11
Evaluate 3 + -15 - (-5 - -3 - -7).
-17
What is -33 + 1 - (712 + -730)?
-14
(-24 - -18) + -12 + -9
-27
-7 + 12 - (-2 - (5 + -1))
11
What is 14 - (10 + (9 - 10)) - 11?
-6
What is 1 + -7 - ((-25 + 17 - -7) + -5)?
0
Calculate -991 + 986 + 0 + (2 - 0).
-3
2 + -17 + (3 - -5) - 7
-14
What is -11 + (0 - (-9 + -8 + 15 - -4))?
-13
Evaluate -402 + 382 - (-36 - -1).
15
Calculate 12 + (-6 - -3) + (-15 - -10).
4
Calculate -2 - (7 + (2 - 13)) - (1 - -22).
-21
What is the value of 3 + -7 + 5 + 0 - (0 + 0)?
1
What is the value of (2 - 4 - -2) + (-270 - -293) + -4?
19
-1 + 5 + -1 + (7 - (-1 + 0))
11
What is the value of 0 - -1 - (11 - 14 - -2)?
2
What is 5 + -66 - -12 - ((-16 - 5) + 12)?
-40
What is the value of 1 + 2 + (10 + 0 - 5)?
8
Evaluate (-1 - -1 - 15) + (-1248 - -1247).
-16
30 - (-30 - -2 - -41)
17
-4 - 3 - (112 - 128)
9
What is 13 - 16 - 11 - 6?
-20
What is 11 + (-7 - -2) - 17?
-11
Calculate (-3 - -1) + (7 - (8 - 16 - -3)).
10
-19 + 2 + 26 + 2
11
What is the value of -4 + 4 + -3 - (20 - 38)?
15
What is the value of -1 + 7 + -8 + 4 + (4 - 3)?
3
Evaluate -1 + 1 - (11 + -15 - 6).
10
Calculate 43 - 19 - 42 - (9 + -13).
-14
Evaluate 7 - (0 + 29 + (38 - 45) - 6).
-9
Calculate (2 - -2) + (29 + -16 - 8) + -7.
2
What is -2 - 29 - -38 - (-6 - (3 - 2))?
14
What is (3 - -4) + (-20 - -29 - (-2 - -14))?
4
2 - (-6 + -1) - (6 + -8)
11
Evaluate -41 + 12 + -6 - -60.
25
Evaluate (-257 - -263) + (8 + -6 - (0 - -2)).
6
What is the value of 208